+ y + v = 0. Is 8 a factor of y?
True
Let t be (-1)/((6/4)/(-3)). Let n(y) = 4*y**3 - 2*y**2 + y. Let w be n(t). Does 9 divide 2 - 3 - w/(-2)?
False
Let k be (-4)/(-6) + (-56)/(-6). Is 15 a factor of 578/k + 4/20?
False
Suppose 0 = -4*c - 16. Let z = c - -7. Let l(y) = y**3 - y**2 - 2*y - 3. Does 6 divide l(z)?
False
Suppose 0 = -4*z - 3*v - 5 + 20, 3*z - 4*v = 5. Let p(k) = 10*k + 2. Is 16 a factor of p(z)?
True
Is ((-72)/20)/(1/(-20)) a multiple of 17?
False
Let k(b) = 3*b**3 + 13*b**2 + 3*b - 8. Let n(j) = -5*j**3 - 20*j**2 - 4*j + 12. Let a(l) = 8*k(l) + 5*n(l). Is a(4) a multiple of 12?
True
Let x = 14 - 7. Suppose 5*u - 128 = x. Does 10 divide u?
False
Let y be 5 + 0 + 6/(-3). Suppose -y*r + r + 24 = 0. Is 12 a factor of r?
True
Let k = 27 - -1. Is k a multiple of 14?
True
Suppose 0*a - 408 = -4*a. Suppose -6*j = -3*j - a. Does 9 divide j?
False
Let d be -5*((-12)/5)/4. Let n = d + 3. Suppose b + 3 = n. Is b a multiple of 2?
False
Let u(o) = -2*o + 7. Let m(j) = j**2 + 7*j - 6. Let a be m(-7). Is u(a) a multiple of 19?
True
Let x(q) = -3*q + 5. Let c(f) = 3*f - 5. Let y(n) = -7*c(n) - 6*x(n). Let d be y(12). Let g = d + 48. Is 5 a factor of g?
False
Let a(t) = 2*t + 35. Does 25 divide a(-5)?
True
Let o(i) = -i**3 + 2*i**2. Let p be o(1). Is 23 a factor of 43 - (-4 + 5)/p?
False
Suppose 95 + 37 = u. Does 44 divide u?
True
Let q = -144 + 226. Let k = q + -10. Is k a multiple of 13?
False
Let w = 51 - 21. Does 10 divide w?
True
Let k = -249 + 364. Does 23 divide k?
True
Let m = 4 + -1. Let n(h) = 6*h - 3 + 3. Is 7 a factor of n(m)?
False
Let c(o) = -o**3 - 5*o**2 + 3*o + 1. Is c(-7) a multiple of 26?
True
Suppose 2*i = -66 - 16. Let o = i - -57. Is o a multiple of 8?
True
Let o(c) = c**3 + 13*c**2 - 11*c + 5. Let u be o(-14). Let v = u + 117. Is 14 a factor of v?
False
Suppose -2*o + 67 + 1 = 0. Suppose 2*a = -2*a - 68. Let m = o + a. Is m a multiple of 17?
True
Is 7 a factor of 1803/15 - 1/5?
False
Does 12 divide 48*2/((-16)/(-6))?
True
Suppose 0 = 3*r - 18 + 6. Suppose 5*y + j + 0*j - 58 = 0, y - 5*j + r = 0. Is 9 a factor of y?
False
Suppose 0 = 3*d + 5*x, 0*d + 3*x = -2*d - 1. Is 2/d - (-2428)/20 a multiple of 32?
False
Is 5 a factor of 314/10 - 6/15?
False
Let k(m) = 2*m**2 - 2*m - 1. Let c be k(2). Is 19 - (c/(-1) - 0) a multiple of 11?
True
Suppose -2*v + 28 = 4*t, 2*t - 28 = -3*v - 6. Suppose 5*a - 3*r - 35 = 10, -a + v*r + 9 = 0. Is a a multiple of 6?
False
Let t(z) = 11*z - 2. Let h be t(-5). Let o = 80 + h. Let v = -13 + o. Does 5 divide v?
True
Let d(v) = 2 - 21 + 2*v + 1. Is 4 a factor of d(11)?
True
Let d be 56/6 + (-3)/9. Let h be (-369)/(-6) + d/6. Is -1 + 1/(3/h) a multiple of 10?
True
Let o be (-1 - -4)*(-12)/9. Let m(h) = -6*h + 5. Does 13 divide m(o)?
False
Suppose -h = u - 3*u + 314, 0 = 5*h + 20. Is u a multiple of 40?
False
Is 16 a factor of (1 + -2)*(-1 + -72)?
False
Let g = -67 + 157. Is 15 a factor of g?
True
Let m = -43 + 79. Is m a multiple of 12?
True
Let l be (-1 + 2)/(2/(-8)). Let o(s) = s + 5. Let b be o(l). Let u(p) = 25*p**2 - p. Is u(b) a multiple of 13?
False
Let d = 552 - 327. Does 45 divide d?
True
Let r(i) = -i**3 - 4*i**2 - i - 4. Let p be r(-4). Let t be (0 - 1) + 3 + p. Suppose -3*a - t = -11. Is a even?
False
Let l = -122 + 382. Suppose 3*t = 8*t - l. Is 26 a factor of t?
True
Let s = 23 - 25. Let i = -5 - -13. Is s/i + (-138)/(-8) a multiple of 8?
False
Let i = -13 - -8. Let r(v) = v + 9. Let d be r(i). Suppose -3*s = -d*n - 130, 4*s + 2*n = -4 + 148. Does 14 divide s?
False
Suppose t - 3*t - 4*b = -98, -2*t + 95 = b. Is 20 a factor of t?
False
Suppose 0 = -4*r + 256 + 480. Does 22 divide r?
False
Let s(z) = z + 41. Is 15 a factor of s(0)?
False
Suppose 170 = 4*d + d. Does 11 divide d?
False
Let a be 4/(-3)*(-27)/18. Suppose 3*x - x + 40 = 5*d, d - 32 = a*x. Let c = 61 + x. Is c a multiple of 13?
False
Let r = 10 - 7. Suppose -b - h + 64 = b, -h - 101 = -r*b. Let f = b + -5. Does 14 divide f?
True
Let h be 4/(-6)*2*-3. Suppose h*w = -23 + 143. Does 15 divide w?
True
Let c(n) = -3*n - 13. Let g be c(-6). Suppose 10*u = g*u + 420. Is 28 a factor of u?
True
Let a be -53*(2 - 3 - 2). Suppose 3*f - 4*n - a = 0, 0*f + 4*n + 110 = 2*f. Is f a multiple of 16?
False
Let p(v) = -6 + 16 + 3*v - 2*v. Is 6 a factor of p(0)?
False
Let q = -74 + 120. Does 4 divide q?
False
Let w(u) = u**2 + 11*u + 14. Let z(x) = -x. Let m(v) = w(v) + z(v). Does 19 divide m(-12)?
True
Let h be -1 + 1 + 15 + -2. Suppose 0 = 2*c - 4*t - 14, 0*t - h = -c + 5*t. Does 3 divide c?
True
Let v(y) = -y**2 + 7*y + 1. Let w = 13 - 8. Is 8 a factor of v(w)?
False
Let j(k) = 3 + k**2 - 2 + 5*k - 3*k. Let r be j(-3). Suppose -46 = -r*y + 146. Does 16 divide y?
True
Let b be (10/25)/(2/20). Let u be 66/4 - 5/10. Suppose -2*s = -u - b. Is 5 a factor of s?
True
Let b = 433 - 158. Let a = b + -190. Is a a multiple of 21?
False
Is ((-1056)/(-9))/((-15)/(-45)) a multiple of 22?
True
Is 14 a factor of 59 - (-1)/((-5)/15)?
True
Suppose 13*q - 11*q - 126 = 0. Is q a multiple of 9?
True
Let r(x) = x**2 + 11*x + 13. Let d be r(-10). Let c(g) = g - 1. Let q be c(d). Suppose -q*n + 48 = 2*i - i, -2*i = -8. Is 11 a factor of n?
True
Let z(r) = 28*r**2 + r + 1. Let s(o) = o. Let f be s(-1). Does 14 divide z(f)?
True
Let t be 1 + -6*(-3)/2. Suppose t + 10 = 4*a. Suppose -4*b = -5*p - 44, -a*b + 3*b + 3*p = -22. Is 6 a factor of b?
False
Let i = 4 - 2. Suppose i*b = -9 + 37. Is b a multiple of 13?
False
Suppose 3 - 24 = -x. Is 6 a factor of x?
False
Let f be (-4)/(-14) + 46735/(-35). Is 4/(-10) - f/25 a multiple of 26?
False
Suppose -7 - 1 = -4*s. Suppose -z = 4*u - 9, -s*z - 5*u + 18 = -0*z. Is z a multiple of 9?
True
Let j(b) = 6*b**2 + 1 + 1 - 4*b + 1. Is 15 a factor of j(3)?
True
Suppose 2*n - 2*k - 120 = -0*n, -4*k + 60 = n. Does 10 divide n?
True
Let p be 2/6 - 286/(-6). Is (p/10)/((-1)/(-5)) a multiple of 12?
True
Let d = -39 + 52. Is d a multiple of 2?
False
Suppose 2*v + 1 = -7, -2*n = -3*v - 60. Suppose 5*r - 2*b = 4, -r - 2*b - 5 = -1. Suppose 0*d - 3*d + n = r. Does 5 divide d?
False
Let m(y) be the second derivative of -y**4/12 + 5*y**3/6 + 3*y**2 - 2*y. Is 3 a factor of m(5)?
True
Let w(h) = 3*h**2 - 3*h - 7. Let c(n) = -n**2 + 4*n + 9. Let b be c(5). Is 5 a factor of w(b)?
False
Let i(w) = -w**3 - 8*w**2 - 7*w - 6. Let k be -6*(-8)/(-6)*1. Is 11 a factor of i(k)?
False
Let s = -6 + 8. Let d(h) = -9*h + 4 - 1 - s + h**2 + 6*h. Does 19 divide d(-3)?
True
Let m(y) = 19*y - 3. Let j be m(2). Let r = j - 20. Suppose i - r - 52 = 0. Is i a multiple of 22?
False
Let x = -4 - -6. Suppose -4 = 3*c + x. Is 20/(-8)*3*c a multiple of 10?
False
Let d(v) = -v**2 + 2*v + 32. Is d(0) a multiple of 8?
True
Let t be -8*(-2 - -3) - 0. Let o be t/6*9/2. Is 12 a factor of ((-24)/(-2))/(o/(-16))?
False
Suppose 0*y + 4*y = 380. Suppose 0 = 3*b - 4 - y. Does 9 divide b?
False
Let t be ((-30)/4)/(3/(-4)). Suppose -2*g = 3*g - t. Suppose 0 = -i + g*i - 10. Is 5 a factor of i?
True
Suppose -4*z - 125 = -621. Suppose -2*m + 3*q + 2*q = -58, 5*m - z = 2*q. Does 8 divide m?
True
Does 7 divide 128/(-56) + 4/14 + 9?
True
Let b = -15 - -17. Suppose 0 = -5*c - s + 394, 3*c = -b*s + 4*s + 226. Is c a multiple of 26?
True
Suppose 2*c = 5*c. Suppose c*q = 2*q - 22. Is q a multiple of 7?
False
Let a(x) = 35*x**2 + x - 3. Is 14 a factor of a(2)?
False
Let z(v) = -v**3 - 8*v**2 + v + 8. Let a be z(-8). Suppose a = -2*b - b - 27. Let o = 27 + b. Does 7 divide o?
False
Suppose 3*w = l - 42, 0*l - 68 = -2*l - 2*w. Does 28 divide l?
False
Let f(s) = s**3 - s**2 - 4*s. Is 20 a factor of f(5)?
True
Let a(h) = -h + 9. Is 14 a factor of a(-12)?
False
Let w(n) = -2*n - 7. Let r be w(-4). Is r*79 - (-6)/3 a multiple of 23?
False
Suppose 3*m + 941 = 5*v, 4*v - 228 = -4*m + 544. Let h be (-82 - -1)*(-10)/6. Let s = v - h. Does 23 divide s?
False
Suppose -5*o = -28 + 3. Suppose -4 = -o*i + 6. Suppose -4*k + i*b + 130 = 0, 3*k - 3*b - 45 = 48. Is 13 a factor of k?
False
Let f = 2 + 6. Suppose 2*z + 21 = -5*a, 20 = -4*z + f. Let r = 14 + a. Is 8 a factor of r?
False
Suppose -2*g = -4*g + 54. Is 12 a factor of g?
False
Let p be 1/(-5) + (-6)/(-30). Is 45*(p + 1 + 0) a multiple of 13?
False
Let q be (2/(-4))/(5/(-60)). Let h = q - -8. Is 4 a factor of h?
False
Suppose 3*f - j = 47, -f + j + 19 = 